{"id":592,"date":"2017-01-27T16:39:58","date_gmt":"2017-01-27T16:39:58","guid":{"rendered":"http:\/\/ginderich.de\/?page_id=592"},"modified":"2018-01-05T19:22:12","modified_gmt":"2018-01-05T19:22:12","slug":"buecherei","status":"publish","type":"page","link":"http:\/\/ginderich.de\/?page_id=592","title":{"rendered":"B\u00fccherei"},"content":{"rendered":"<p>Besuchen Sie unsere B\u00fccherei im Pfarrheim.<br \/>\n\u00d6ffnungszeiten:<br \/>\nDonnerstags von 17.30 bis 19.00 Uhr<br \/>\nSonntags von 10.30 bis 12.00 Uhr<\/p>\n<p><em>Neuerscheinungen, Kinderb\u00fccher, Wohndesign, H\u00f6rb\u00fccher und mehr<\/em><\/p>\n<pre><img loading=\"lazy\" class=\"alignnone wp-image-600\" src=\"http:\/\/ginderich.de\/wp-content\/uploads\/2017\/01\/index-150x150.png\" alt=\"index\" width=\"51\" height=\"51\" srcset=\"http:\/\/ginderich.de\/wp-content\/uploads\/2017\/01\/index-150x150.png 150w, http:\/\/ginderich.de\/wp-content\/uploads\/2017\/01\/index.png 225w\" sizes=\"(max-width: 51px) 100vw, 51px\" \/> <a href=\"https:\/\/www.facebook.com\/buch.ginderich?fref=ts\">Buch Ginderich<\/a><\/pre>\n","protected":false},"excerpt":{"rendered":"<p>Besuchen Sie unsere B\u00fccherei im Pfarrheim. \u00d6ffnungszeiten: Donnerstags von 17.30 bis 19.00 Uhr Sonntags von 10.30 bis 12.00 Uhr Neuerscheinungen, Kinderb\u00fccher, Wohndesign, H\u00f6rb\u00fccher und mehr Buch Ginderich<\/p>\n","protected":false},"author":3,"featured_media":594,"parent":0,"menu_order":0,"comment_status":"closed","ping_status":"closed","template":"","meta":[],"_links":{"self":[{"href":"http:\/\/ginderich.de\/index.php?rest_route=\/wp\/v2\/pages\/592"}],"collection":[{"href":"http:\/\/ginderich.de\/index.php?rest_route=\/wp\/v2\/pages"}],"about":[{"href":"http:\/\/ginderich.de\/index.php?rest_route=\/wp\/v2\/types\/page"}],"author":[{"embeddable":true,"href":"http:\/\/ginderich.de\/index.php?rest_route=\/wp\/v2\/users\/3"}],"replies":[{"embeddable":true,"href":"http:\/\/ginderich.de\/index.php?rest_route=%2Fwp%2Fv2%2Fcomments&post=592"}],"version-history":[{"count":9,"href":"http:\/\/ginderich.de\/index.php?rest_route=\/wp\/v2\/pages\/592\/revisions"}],"predecessor-version":[{"id":817,"href":"http:\/\/ginderich.de\/index.php?rest_route=\/wp\/v2\/pages\/592\/revisions\/817"}],"wp:featuredmedia":[{"embeddable":true,"href":"http:\/\/ginderich.de\/index.php?rest_route=\/wp\/v2\/media\/594"}],"wp:attachment":[{"href":"http:\/\/ginderich.de\/index.php?rest_route=%2Fwp%2Fv2%2Fmedia&parent=592"}],"curies":[{"name":"wp","href":"https:\/\/api.w.org\/{rel}","templated":true}]}}